ts digit of i(13)?
6
Let v(i) = i - 4. Let q be v(6). Let f(l) = -l + 10. Let p be f(7). Suppose -q*n - 27 = -p*k - 2*k, 0 = -n - 1. What is the units digit of k?
5
Suppose 12 = 4*l - 20. What is the units digit of l?
8
Let x(s) = 20*s + 2. Let b(r) = 2*r. Let o(q) = -14*b(q) + 2*x(q). What is the units digit of o(2)?
8
Suppose -u - 2*s = 4*u - 66, 0 = u - 4*s. Let m be ((-3)/2)/((-6)/u). What is the units digit of m - 1 - (-2 + -3)?
7
Suppose -4*p - 9 = -5*n, 2*p = 5*p - 4*n + 8. Suppose 0 = d - 5*d + p. What is the units digit of d?
1
Let h(m) = -7*m + 1. Let a be h(1). Suppose 0*i = 3*i - 27. What is the units digit of -1*a/i*18?
2
Let u be (5/3)/((-1)/(-3)). Suppose -5*v + 4*v = 5*o - 8, o + 14 = u*v. What is the units digit of -1 + o + 4 - 0?
4
Suppose 3*v - 6 + 4 = -4*o, 5 = -5*o. Let g(q) = 8*q + 1. What is the tens digit of g(v)?
1
Let p = -401 + 568. What is the units digit of p?
7
Let p be 75 - ((-2)/(-1) - 4). Suppose 4*a - p = 47. Suppose y + 11 = -y - 3*h, -3*y + 5*h = -a. What is the units digit of y?
2
Let c(d) = -d**3 + 6*d**2 - 4*d - 5. Suppose -h + 2 = -3, -2*z = -5*h + 15. Let j be c(z). Suppose -3*w - 3 + 21 = j. What is the units digit of w?
6
Let c = -2 + 4. What is the units digit of 3/6 + 11/c?
6
What is the tens digit of (-6034)/(-35) + (-6)/(-10)?
7
Let w = -36 + 58. Suppose -2*f + 2*q = -w - 22, -2 = -q. What is the tens digit of f?
2
Let s be (-124)/(-10) - 4/10. Suppose -3*m = -0*y - y + 3, -2*y - s = 3*m. What is the units digit of (1/(-3))/(m/54)?
9
Suppose 3*o + 66 = 3*w, -5*w = 4*o + 39 - 131. Let x be (55/w)/((-1)/4). What is the units digit of (1 - x) + (2 - -1)?
5
Let l(k) = k**3 - 9*k**2 - 10*k + 2. Let z(i) be the first derivative of i**2/2 + i - 3. Let c be z(9). What is the units digit of l(c)?
2
Let n be (-76)/(-18) - 8/36. What is the units digit of ((-6)/5)/(n/(-30))?
9
Let q = 28 - 3. Suppose -w = 4*w + c - 245, 0 = 5*c - q. What is the units digit of w?
8
Let w(z) = 3*z**2 + 5*z - 17. What is the tens digit of w(-5)?
3
Suppose -s + 201 = 4*x, 3*s = -0*x + 2*x + 659. What is the hundreds digit of s?
2
Suppose 0 = 3*w - 6. Suppose -w = -q + 10. What is the tens digit of q?
1
Suppose 0 = -4*s + 5*y + 179, 2*s - 4*y = 126 - 38. What is the tens digit of s?
4
Let d = 21 + -6. Let i = -10 + d. Suppose -1 = k - i. What is the units digit of k?
4
Let g(v) = -3*v**3 - v**2 + v + 1. Let l be g(-1). Suppose 3*y - 26 = 2*y - l*x, -4*y + 2*x + 124 = 0. What is the units digit of y?
0
Suppose 3*l = 105 + 9. What is the units digit of l?
8
Let j be (34/8)/(2/24). Suppose 3*l = -4*x + 15, 4*l = 2*l + 2*x + 10. Suppose j = l*z - 2*z. What is the tens digit of z?
1
Let u = 1 + 4. Suppose -2*y = 2*z - 80, -u*z - y = -2*y - 200. Suppose 0*h - 5*h = -z. What is the units digit of h?
8
Suppose -4*a + d = 3*d - 420, 3*a - 305 = d. What is the units digit of a?
3
Suppose -m + 2*b = -b - 26, 0 = -5*b + 20. What is the units digit of m?
8
Suppose -c - 5*x = -x - 9, 0 = 5*c + 3*x + 6. Let a = c - -3. Let s = 2 + a. What is the units digit of s?
2
Let q(s) = s**2 - 25*s + 58. What is the tens digit of q(27)?
1
Let w = -1 + 0. Let f = w + 3. What is the units digit of f?
2
Let b(v) = 0*v + 0*v - 3*v + 12 + 2*v. Let g be b(9). Suppose -g*r + 4*s - 53 = -6*r, -18 = -3*r + 3*s. What is the units digit of r?
1
Let m(c) = 0 + 14 - 4 + 5 - c. What is the units digit of m(7)?
8
Suppose 5*o - 15 = -0*o, o - 3 = -4*u. Suppose 4*p + p = u. Suppose p = j - 5*j + 12. What is the units digit of j?
3
Suppose 135 = -0*l + 5*l. What is the units digit of l?
7
Let r(l) = l**2 + 4*l - 9. What is the tens digit of r(5)?
3
Let s = -6 - -6. Suppose -7 = -5*k - 2*m + 23, s = 4*m - 20. What is the units digit of k?
4
Let c(u) = 4*u + 7. Let b be c(10). Let r = 17 - b. What is the units digit of (12/(-15))/(4/r)?
6
Suppose 0 = -0*s - 4*s + 4*q + 36, 2*s - 18 = 3*q. What is the units digit of s?
9
What is the units digit of (-3)/(-21) + 69/7?
0
Let d(t) = t**2 + 4. Let x(m) = -5 + 4 - m + 3 + m**2 - 2*m. Let p be x(2). What is the units digit of d(p)?
4
Suppose -5*r - 6*z - 10 = -z, -3*z + 42 = -5*r. What is the units digit of (-24)/6*r/8?
3
Let g(w) = -2*w + 1. What is the units digit of g(0)?
1
Let t(d) = d**3 + 11*d**2 + d - 24. What is the tens digit of t(-7)?
6
Let o = -20 + 78. Suppose 3*y - 5*y = 5*v - o, 64 = 5*v - 4*y. What is the tens digit of v?
1
Let j be (-96)/(-18) - (-3)/(-9). Suppose 0 = -j*g - 0*g + 205. What is the units digit of g?
1
Suppose 2*n + 2 = -12. Let u be n - -6 - (-1 - -14). Let z = -5 - u. What is the units digit of z?
9
Let y(x) = 30*x**2 - 4*x + 2. Let l be y(3). What is the units digit of (-2)/5 - l/(-25)?
0
Suppose 24 - 9 = 5*d. Let z be (-6)/5*30/(-9). Suppose -z = d*s - 4*s. What is the units digit of s?
4
Let u(m) = -8*m - 17. Let a(o) = -3*o**2 - 3*o. Let i be a(-2). What is the tens digit of u(i)?
3
Let m = 181 + -109. What is the tens digit of m?
7
Let u(x) = x**2 + 2*x - 4. Let f be u(7). Suppose -5*p = 4*r - 64 - 5, 4*r - f = 5*p. What is the units digit of r?
6
Let c(t) = 3*t**2 - 8*t + 4. What is the units digit of c(5)?
9
Suppose 0*d + 4*d = 148. What is the tens digit of d?
3
Suppose u - 4*u + 60 = 0. Suppose 5*i = -4*d + u, -i = -3*d + i + 15. Let y = d + -4. What is the units digit of y?
1
Let x(l) = -11 + 4 + l**2 - 4*l**3 + 6. What is the units digit of x(-2)?
5
Let f be 5/(-15) - 2/3. Let q be 2 - (2*f + 8). What is the units digit of ((-6)/q + -1)*2?
1
Suppose 4*m = m + 24. Suppose 5*g = 2*j - 7*j + 40, -5*j + 3*g = -m. Suppose -x - 4*n = -j*x, -4*n - 8 = -5*x. What is the units digit of x?
4
Let z(a) = 2*a - 2. Let o be z(4). Let d = o - -1. Suppose n + k = 0, -2*k = 1 + d. What is the units digit of n?
4
Let q(n) = -n**3 - 8*n**2 - 7*n - 3. Let v be q(-8). Suppose -r + 5*x + 9 = 0, -3*r - 6*x + x - v = 0. Let i = 1 - r. What is the tens digit of i?
1
What is the units digit of (-68 - 0)*2*-1?
6
Suppose m = -3*m + 144. What is the tens digit of m?
3
What is the units digit of 2/(-4) + 312/16?
9
Suppose 3*s - 264 - 357 = 0. What is the units digit of s?
7
Suppose u = 5*d - 141, 34 = d + 3*u - 7. What is the tens digit of d?
2
Let o be (21 - 2) + 2/2. Let t be 6/1*o/6. Suppose -5*j = 5*d - t, 0*j - 2 = -j. What is the units digit of d?
2
Let f = 93 - 59. What is the tens digit of f?
3
Suppose 3*q - 136 = -5*k + 235, -3*k + 502 = 4*q. What is the hundreds digit of q?
1
Let q(r) be the second derivative of -r - 9/2*r**2 - 1/20*r**5 + 0 + 3/2*r**3 + 5/12*r**4. What is the units digit of q(6)?
9
Let c be ((-5)/(10/12))/(-2). What is the units digit of 9 + (c - (2 + 1))?
9
Let g be -3 - (-1 + -16 + -3). Let l = g - 12. Suppose 2*k = l*i - 4*i + 5, i + 9 = 3*k. What is the units digit of k?
4
Suppose 1686 + 1984 = 10*n. What is the hundreds digit of n?
3
Let c be 8/12 + (-7)/(-3). Suppose -5*d + c = -17. Suppose -d = -s + 3. What is the units digit of s?
7
What is the units digit of 120/14 + (-27)/(-63)?
9
Suppose -2*y - 3*y - 70 = 0. Let g = y + 36. What is the units digit of (-12)/66 - (-180)/g?
8
What is the units digit of (1 + -7)*(-7)/21?
2
Let l = 2 + -8. Let j(m) = -m**3 - 7*m**2 - 7*m + 2. Let o be j(-6). Let g = o + l. What is the units digit of g?
2
Let y(j) = -j**2 + 24*j - 7. What is the tens digit of y(11)?
3
Suppose -5*n + 28 = -n - 4*x, -3*n = -5*x - 23. What is the units digit of -3 - (-78)/(n - 4)?
6
Let b(m) = -m**2 + 2*m - 2*m**3 + 5 + m**3 - 6*m**2 + m**2. What is the units digit of b(-7)?
0
Let w(u) be the third derivative of -u**5/60 - 7*u**4/24 + u**3/6 + 4*u**2. Let v be w(-7). What is the units digit of 14 + -1 + v + -1?
3
Suppose -95 = -p - j, -7*p - 2*j = -10*p + 265. What is the tens digit of p?
9
Let o be ((-5)/2)/(2/(-4)). Suppose 0 = y - 2*f - 3, -7*y + 2*y = -f - 24. Suppose -o*n + y = -5. What is the units digit of n?
2
Let s(l) = l**3 + 10*l**2 + 4*l - 10. What is the tens digit of s(-8)?
8
Suppose -3*y + 0*i - 28 = 4*i, 5*y + 36 = -4*i. Let p(a) = a**3 + 4*a**2 - 4*a - 1. What is the units digit of p(y)?
5
Suppose -5*t + 33 = -4*f, 0 = t + 3*f + 3 - 2. What is the units digit of t?
5
Let i = -58 + 106. What is the tens digit of i?
4
Suppose 5*h - 3 = 7. What is the tens digit of (-96)/(-4) - h - 0?
2
Suppose -2*t - 5*y + 14 = 0, -6*t + 3*y = -2*t - 28. What is the uni